{"id":34,"date":"2023-11-02T15:59:58","date_gmt":"2023-11-02T14:59:58","guid":{"rendered":"https:\/\/cirugiaendoluminal.com\/news\/?page_id=34"},"modified":"2023-11-02T15:59:58","modified_gmt":"2023-11-02T14:59:58","slug":"contacto","status":"publish","type":"page","link":"http:\/\/cirugiaendoluminal.com\/news\/contacto\/","title":{"rendered":"Contacto"},"content":{"rendered":"<p>Agradecemos mucho tus comentarios y esperamos recibir contacto de tu parte.<\/p>\n<p>Si deseas ponerte en contacto con nosotros o tienes comentarios sobre nuestro sitio web, te invitamos a escribirnos a la direcci\u00f3n de correo electr\u00f3nico que se muestra a continuaci\u00f3n.<\/p>\n<p>Por favor, utiliza un asunto claro en tu mensaje para que podamos identificar tu consulta en medio de la gran cantidad de correos electr\u00f3nicos que recibimos a diario. Haremos todo lo posible para responderte lo m\u00e1s r\u00e1pido posible.<\/p>\n<p>Valoramos mucho tus comentarios en forma de cr\u00edticas o comentarios en nuestro sitio web. Por favor, no olvides dejarlos en la secci\u00f3n de comentarios que se encuentra debajo de cada art\u00edculo.<\/p>\n<p>Si tienes preguntas o comentarios sobre los productos que revisamos, te invitamos a expresar tus opiniones en la secci\u00f3n de comentarios relacionada.<\/p>\n<p>Es importante destacar que no vendemos ni almacenamos los productos que revisamos. Si tienes problemas con la compra, te recomendamos que te pongas en contacto directamente con el fabricante.<\/p>\n<p>Lamentablemente, debido al gran volumen de preguntas que recibimos, no podemos responder a correos electr\u00f3nicos relacionados con la compra de suplementos alimenticios.<\/p>\n<p>Para obtener informaci\u00f3n adicional, te invitamos a ponerte en contacto con nosotros en la siguiente direcci\u00f3n de correo electr\u00f3nico: Contacto: info@cirugiaendoluminal.com.<\/p>\n<p>O puedes llenar el siguiente formulario:<\/p>\n<div class=\"wpforms-container wpforms-container-full wpforms-render-modern\" id=\"wpforms-31\"><form id=\"wpforms-form-31\" class=\"wpforms-validate wpforms-form wpforms-ajax-form\" data-formid=\"31\" method=\"post\" enctype=\"multipart\/form-data\" action=\"\/news\/wp-json\/wp\/v2\/pages\/34\" data-token=\"d739aef033720c139003f4b0d1b9b061\"><noscript class=\"wpforms-error-noscript\">Por favor, activa JavaScript en tu navegador para completar este formulario.<\/noscript><div class=\"wpforms-hidden\" id=\"wpforms-error-noscript\">Por favor, activa JavaScript en tu navegador para completar este formulario.<\/div><div class=\"wpforms-field-container\"><div id=\"wpforms-31-field_0-container\" class=\"wpforms-field wpforms-field-name\" data-field-id=\"0\"><label class=\"wpforms-field-label\" for=\"wpforms-31-field_0\">Nombre <span class=\"wpforms-required-label\" aria-hidden=\"true\">*<\/span><\/label><input type=\"text\" id=\"wpforms-31-field_0\" class=\"wpforms-field-medium wpforms-field-required\" name=\"wpforms[fields][0]\" aria-errormessage=\"wpforms-31-field_0-error\" required><\/div><div id=\"wpforms-31-field_1-container\" class=\"wpforms-field wpforms-field-email\" data-field-id=\"1\"><label class=\"wpforms-field-label\" for=\"wpforms-31-field_1\">El e-mail <span class=\"wpforms-required-label\" aria-hidden=\"true\">*<\/span><\/label><input type=\"email\" id=\"wpforms-31-field_1\" class=\"wpforms-field-medium wpforms-field-required\" name=\"wpforms[fields][1]\" spellcheck=\"false\" aria-errormessage=\"wpforms-31-field_1-error\" required><\/div><div id=\"wpforms-31-field_2-container\" class=\"wpforms-field wpforms-field-textarea\" data-field-id=\"2\"><label class=\"wpforms-field-label\" for=\"wpforms-31-field_2\">Comentario o mensaje<\/label><textarea id=\"wpforms-31-field_2\" class=\"wpforms-field-medium\" name=\"wpforms[fields][2]\" aria-errormessage=\"wpforms-31-field_2-error\" ><\/textarea><\/div><\/div><!-- .wpforms-field-container --><div class=\"wpforms-submit-container\" ><input type=\"hidden\" name=\"wpforms[id]\" value=\"31\"><input type=\"hidden\" name=\"wpforms[author]\" value=\"1\"><button type=\"submit\" name=\"wpforms[submit]\" id=\"wpforms-submit-31\" class=\"wpforms-submit\" data-alt-text=\"Sending...\" data-submit-text=\"Submit\" aria-live=\"assertive\" value=\"wpforms-submit\">Submit<\/button><img src=\"https:\/\/cirugiaendoluminal.com\/news\/wp-content\/plugins\/wpforms-lite\/assets\/images\/submit-spin.svg\" class=\"wpforms-submit-spinner\" style=\"display: none;\" width=\"26\" height=\"26\" alt=\"Cargando\"><\/div><\/form><\/div>  <!-- .wpforms-container -->\n","protected":false},"excerpt":{"rendered":"<p>Agradecemos mucho tus comentarios y esperamos recibir contacto de tu parte. Si deseas ponerte en contacto con nosotros o tienes comentarios sobre nuestro sitio web, te invitamos a escribirnos a la direcci\u00f3n de correo electr\u00f3nico que se muestra a continuaci\u00f3n. Por favor, utiliza un asunto claro en tu mensaje para que podamos identificar tu consulta en medio de la gran cantidad de correos electr\u00f3nicos que recibimos a diario. Haremos todo lo posible para responderte lo m\u00e1s r\u00e1pido posible. Valoramos mucho tus comentarios en forma de cr\u00edticas o comentarios en nuestro sitio web. Por favor, no olvides dejarlos en la secci\u00f3n de comentarios que se encuentra debajo de cada art\u00edculo. Si tienes preguntas o comentarios sobre los productos que revisamos, te invitamos a expresar tus opiniones en la secci\u00f3n de comentarios relacionada. Es importante destacar que no vendemos ni almacenamos los productos que revisamos. Si tienes problemas con la compra, te recomendamos que te pongas en contacto directamente con el fabricante. Lamentablemente, debido al gran volumen de preguntas que recibimos, no podemos responder a correos electr\u00f3nicos relacionados con la compra de suplementos alimenticios. Para obtener informaci\u00f3n adicional, te invitamos a ponerte en contacto con nosotros en la siguiente direcci\u00f3n de correo electr\u00f3nico: Contacto: info@cirugiaendoluminal.com. O puedes llenar el siguiente formulario:<\/p>\n","protected":false},"author":1,"featured_media":0,"parent":0,"menu_order":0,"comment_status":"closed","ping_status":"closed","template":"","meta":{"footnotes":""},"yoast_head":"<!-- This site is optimized with the Yoast SEO plugin v21.5 - https:\/\/yoast.com\/wordpress\/plugins\/seo\/ -->\n<title>Contacto - Cirugia Endoluminal<\/title>\n<meta name=\"robots\" content=\"index, follow, max-snippet:-1, max-image-preview:large, max-video-preview:-1\" \/>\n<link rel=\"canonical\" href=\"http:\/\/cirugiaendoluminal.com\/news\/contacto\/\" \/>\n<meta property=\"og:locale\" content=\"es_ES\" \/>\n<meta property=\"og:type\" content=\"article\" \/>\n<meta property=\"og:title\" content=\"Contacto - Cirugia Endoluminal\" \/>\n<meta property=\"og:description\" content=\"Agradecemos mucho tus comentarios y esperamos recibir contacto de tu parte. Si deseas ponerte en contacto con nosotros o tienes comentarios sobre nuestro sitio web, te invitamos a escribirnos a la direcci\u00f3n de correo electr\u00f3nico que se muestra a continuaci\u00f3n. Por favor, utiliza un asunto claro en tu mensaje para que podamos identificar tu consulta en medio de la gran cantidad de correos electr\u00f3nicos que recibimos a diario. Haremos todo lo posible para responderte lo m\u00e1s r\u00e1pido posible. Valoramos mucho tus comentarios en forma de cr\u00edticas o comentarios en nuestro sitio web. Por favor, no olvides dejarlos en la secci\u00f3n de comentarios que se encuentra debajo de cada art\u00edculo. Si tienes preguntas o comentarios sobre los productos que revisamos, te invitamos a expresar tus opiniones en la secci\u00f3n de comentarios relacionada. Es importante destacar que no vendemos ni almacenamos los productos que revisamos. Si tienes problemas con la compra, te recomendamos que te pongas en contacto directamente con el fabricante. Lamentablemente, debido al gran volumen de preguntas que recibimos, no podemos responder a correos electr\u00f3nicos relacionados con la compra de suplementos alimenticios. Para obtener informaci\u00f3n adicional, te invitamos a ponerte en contacto con nosotros en la siguiente direcci\u00f3n de correo electr\u00f3nico: Contacto: info@cirugiaendoluminal.com. O puedes llenar el siguiente formulario:\" \/>\n<meta property=\"og:url\" content=\"http:\/\/cirugiaendoluminal.com\/news\/contacto\/\" \/>\n<meta property=\"og:site_name\" content=\"Cirugia Endoluminal\" \/>\n<meta name=\"twitter:card\" content=\"summary_large_image\" \/>\n<meta name=\"twitter:label1\" content=\"Tiempo de lectura\" \/>\n\t<meta name=\"twitter:data1\" content=\"1 minuto\" \/>\n<script type=\"application\/ld+json\" class=\"yoast-schema-graph\">{\"@context\":\"https:\/\/schema.org\",\"@graph\":[{\"@type\":\"WebPage\",\"@id\":\"http:\/\/cirugiaendoluminal.com\/news\/contacto\/\",\"url\":\"http:\/\/cirugiaendoluminal.com\/news\/contacto\/\",\"name\":\"Contacto - Cirugia Endoluminal\",\"isPartOf\":{\"@id\":\"https:\/\/cirugiaendoluminal.com\/news\/#website\"},\"datePublished\":\"2023-11-02T14:59:58+00:00\",\"dateModified\":\"2023-11-02T14:59:58+00:00\",\"breadcrumb\":{\"@id\":\"http:\/\/cirugiaendoluminal.com\/news\/contacto\/#breadcrumb\"},\"inLanguage\":\"es\",\"potentialAction\":[{\"@type\":\"ReadAction\",\"target\":[\"http:\/\/cirugiaendoluminal.com\/news\/contacto\/\"]}]},{\"@type\":\"BreadcrumbList\",\"@id\":\"http:\/\/cirugiaendoluminal.com\/news\/contacto\/#breadcrumb\",\"itemListElement\":[{\"@type\":\"ListItem\",\"position\":1,\"name\":\"Home\",\"item\":\"https:\/\/cirugiaendoluminal.com\/news\/\"},{\"@type\":\"ListItem\",\"position\":2,\"name\":\"Contacto\"}]},{\"@type\":\"WebSite\",\"@id\":\"https:\/\/cirugiaendoluminal.com\/news\/#website\",\"url\":\"https:\/\/cirugiaendoluminal.com\/news\/\",\"name\":\"Cirugia Endoluminal\",\"description\":\"News\",\"potentialAction\":[{\"@type\":\"SearchAction\",\"target\":{\"@type\":\"EntryPoint\",\"urlTemplate\":\"https:\/\/cirugiaendoluminal.com\/news\/?s={search_term_string}\"},\"query-input\":\"required name=search_term_string\"}],\"inLanguage\":\"es\"}]}<\/script>\n<!-- \/ Yoast SEO plugin. -->","yoast_head_json":{"title":"Contacto - Cirugia Endoluminal","robots":{"index":"index","follow":"follow","max-snippet":"max-snippet:-1","max-image-preview":"max-image-preview:large","max-video-preview":"max-video-preview:-1"},"canonical":"http:\/\/cirugiaendoluminal.com\/news\/contacto\/","og_locale":"es_ES","og_type":"article","og_title":"Contacto - Cirugia Endoluminal","og_description":"Agradecemos mucho tus comentarios y esperamos recibir contacto de tu parte. Si deseas ponerte en contacto con nosotros o tienes comentarios sobre nuestro sitio web, te invitamos a escribirnos a la direcci\u00f3n de correo electr\u00f3nico que se muestra a continuaci\u00f3n. Por favor, utiliza un asunto claro en tu mensaje para que podamos identificar tu consulta en medio de la gran cantidad de correos electr\u00f3nicos que recibimos a diario. Haremos todo lo posible para responderte lo m\u00e1s r\u00e1pido posible. Valoramos mucho tus comentarios en forma de cr\u00edticas o comentarios en nuestro sitio web. Por favor, no olvides dejarlos en la secci\u00f3n de comentarios que se encuentra debajo de cada art\u00edculo. Si tienes preguntas o comentarios sobre los productos que revisamos, te invitamos a expresar tus opiniones en la secci\u00f3n de comentarios relacionada. Es importante destacar que no vendemos ni almacenamos los productos que revisamos. Si tienes problemas con la compra, te recomendamos que te pongas en contacto directamente con el fabricante. Lamentablemente, debido al gran volumen de preguntas que recibimos, no podemos responder a correos electr\u00f3nicos relacionados con la compra de suplementos alimenticios. Para obtener informaci\u00f3n adicional, te invitamos a ponerte en contacto con nosotros en la siguiente direcci\u00f3n de correo electr\u00f3nico: Contacto: info@cirugiaendoluminal.com. O puedes llenar el siguiente formulario:","og_url":"http:\/\/cirugiaendoluminal.com\/news\/contacto\/","og_site_name":"Cirugia Endoluminal","twitter_card":"summary_large_image","twitter_misc":{"Tiempo de lectura":"1 minuto"},"schema":{"@context":"https:\/\/schema.org","@graph":[{"@type":"WebPage","@id":"http:\/\/cirugiaendoluminal.com\/news\/contacto\/","url":"http:\/\/cirugiaendoluminal.com\/news\/contacto\/","name":"Contacto - Cirugia Endoluminal","isPartOf":{"@id":"https:\/\/cirugiaendoluminal.com\/news\/#website"},"datePublished":"2023-11-02T14:59:58+00:00","dateModified":"2023-11-02T14:59:58+00:00","breadcrumb":{"@id":"http:\/\/cirugiaendoluminal.com\/news\/contacto\/#breadcrumb"},"inLanguage":"es","potentialAction":[{"@type":"ReadAction","target":["http:\/\/cirugiaendoluminal.com\/news\/contacto\/"]}]},{"@type":"BreadcrumbList","@id":"http:\/\/cirugiaendoluminal.com\/news\/contacto\/#breadcrumb","itemListElement":[{"@type":"ListItem","position":1,"name":"Home","item":"https:\/\/cirugiaendoluminal.com\/news\/"},{"@type":"ListItem","position":2,"name":"Contacto"}]},{"@type":"WebSite","@id":"https:\/\/cirugiaendoluminal.com\/news\/#website","url":"https:\/\/cirugiaendoluminal.com\/news\/","name":"Cirugia Endoluminal","description":"News","potentialAction":[{"@type":"SearchAction","target":{"@type":"EntryPoint","urlTemplate":"https:\/\/cirugiaendoluminal.com\/news\/?s={search_term_string}"},"query-input":"required name=search_term_string"}],"inLanguage":"es"}]}},"_links":{"self":[{"href":"https:\/\/cirugiaendoluminal.com\/news\/wp-json\/wp\/v2\/pages\/34"}],"collection":[{"href":"https:\/\/cirugiaendoluminal.com\/news\/wp-json\/wp\/v2\/pages"}],"about":[{"href":"https:\/\/cirugiaendoluminal.com\/news\/wp-json\/wp\/v2\/types\/page"}],"author":[{"embeddable":true,"href":"https:\/\/cirugiaendoluminal.com\/news\/wp-json\/wp\/v2\/users\/1"}],"replies":[{"embeddable":true,"href":"https:\/\/cirugiaendoluminal.com\/news\/wp-json\/wp\/v2\/comments?post=34"}],"version-history":[{"count":1,"href":"https:\/\/cirugiaendoluminal.com\/news\/wp-json\/wp\/v2\/pages\/34\/revisions"}],"predecessor-version":[{"id":35,"href":"https:\/\/cirugiaendoluminal.com\/news\/wp-json\/wp\/v2\/pages\/34\/revisions\/35"}],"wp:attachment":[{"href":"https:\/\/cirugiaendoluminal.com\/news\/wp-json\/wp\/v2\/media?parent=34"}],"curies":[{"name":"wp","href":"https:\/\/api.w.org\/{rel}","templated":true}]}}